2 + 845. What is the remainder when 951 is divided by x?
50
Let z = -25 + 72. Suppose 15 = -12*l + 207. Calculate the remainder when z is divided by l.
15
Let o be 2 + (-4 + (-22)/(-6))*-3. Suppose 4*c - 2*d = 6*c - 206, 0 = -o*c - 4*d + 312. What is the remainder when c is divided by 35?
30
Let w = -70 + 194. Suppose 3*v - 111 = 5*b + 115, 2*v - w = -2*b. What is the remainder when v is divided by 17?
16
Let y(k) = -k**3 + 7*k**2 + 3*k - 5. Let w be y(7). Suppose -w*u + 17*u - 93 = 0. What is the remainder when u is divided by 32?
29
Suppose d + 2 - 5 = 0. Suppose -b - 1 = -d. Let s(i) = 2*i**2 + 23*i + 13. Calculate the remainder when s(-11) is divided by b.
0
Suppose -9 - 9 = -2*m. Suppose 344 = 5*z + 3*z. What is the remainder when z is divided by m?
7
Let q(a) = 131*a**2 - 3*a - 2. Let f(b) = -b**2 + 16*b - 16. Let m be f(15). Calculate the remainder when q(m) is divided by 27.
24
Suppose -3*h = -6 - 12. What is the remainder when 29 + h - 0/(-1) is divided by 13?
9
Calculate the remainder when (910/20)/((-12)/(-24)) is divided by 23.
22
Suppose -u - 8 = u. Let d(w) = 5*w**2 - 7*w - 3. Calculate the remainder when d(u) is divided by 27.
24
Let a = 103 - 108. What is the remainder when 16 is divided by -3 + (a + 1 - -5) + 15?
3
Suppose 3*v - 2*v - 52 = 0. Calculate the remainder when v is divided by 5082/242 - (5 - (-2)/1).
10
Let o(d) = 3*d + 31. Let h be o(-9). Suppose 3*n - 40 = 2*y - 0, h*n - 2*y - 52 = 0. Calculate the remainder when 1 + 2/((-6)/(-135)) is divided by n.
10
Let g = -307 - -342. Calculate the remainder when g is divided by 25.
10
Let m = 64 + -59. Calculate the remainder when 4/8*18*m is divided by 24.
21
Let l(j) be the second derivative of j**3/2 + j**2/2 + 32*j. Suppose 4*a = 40 + 28. What is the remainder when l(16) is divided by a?
15
Let r = -11 + 16. Suppose -5*q = 4*u - q, r*q + 6 = -3*u. Suppose -u*b + 6*w = 2*w - 53, -3*b + 51 = -3*w. What is the remainder when b is divided by 9?
6
Suppose 5*c + 5*z = 725, -9*z + 10*z = 2*c - 302. What is the remainder when c is divided by 54?
41
Let m = -57 - -74. Let n(c) = -2*c + 17*c**3 + 1 - 22*c**3 + 4*c. Calculate the remainder when m is divided by n(-1).
1
Suppose -k = -0*k + 3*f - 28, 0 = k + f - 18. Suppose -k*d = -10*d - 168. What is the remainder when d is divided by 29?
27
Suppose -13*x = -341 - 413. Let w = x + -36. What is the remainder when 62 is divided by w?
18
Let c = -829 - -849. Calculate the remainder when 53 is divided by c.
13
Suppose 0 = 9*q - 25 + 7. What is the remainder when (23/q)/(8/48) is divided by 18?
15
Let c = -63 + 54. Let o = c - -14. What is the remainder when 27 is divided by o?
2
Suppose -9 = 2*p - 1, -4*p - 343 = -3*l. Calculate the remainder when 2177 is divided by l.
106
Let r(y) = y - 1. Let j be r(-1). What is the remainder when (31 - 14) + 4*-1 is divided by (-12)/(1/j - 1)?
5
Let p = 1569 - 1108. Calculate the remainder when p is divided by 15.
11
Let w(b) = b**3 - 7*b**2 + 6*b + 4. Let t = 50 - 18. Suppose -t = -2*y - 2*y. Calculate the remainder when y is divided by w(6).
0
Let w(k) = k**2 - 39*k - 56. What is the remainder when 357 is divided by w(42)?
7
Let x(q) = -q**2 - 8*q - 8. Let t(j) = j - 1. Let p(m) = -4*t(m) - x(m). What is the remainder when 50 is divided by p(-5)?
16
Let m be (-9 + 1)*(-3)/4. Let n(y) = 12*y - 14. What is the remainder when n(4) is divided by (m - 3)*1*6?
16
Let t = 93 - 51. Let y(l) = l**3 - 3*l**2 - 10*l + 11. Calculate the remainder when t is divided by y(5).
9
Calculate the remainder when (-4)/3*7/((-56)/156) is divided by 14.
12
Calculate the remainder when (0 - 811)*(-1 - -1 - 1) is divided by 74.
71
Suppose -15*o - 75*o + 7650 = 0. Calculate the remainder when o is divided by 48.
37
Suppose 3*v + 4*u - 209 = 0, -3*v + 4*u = u - 195. What is the remainder when 667 is divided by v?
64
Suppose -2*h - 4*w + 86 = 0, w + 128 = 3*h + 6*w. Suppose 2*b - 4*y = -3*b + 67, 4*b + y - 41 = 0. What is the remainder when h is divided by b?
8
Let d(z) = 9*z - 3. Let k(g) = 17*g - 6. Let m(l) = 9*d(l) - 4*k(l). Calculate the remainder when m(8) is divided by 13.
10
Suppose 37*y = 32*y + 1775. What is the remainder when y is divided by 51?
49
What is the remainder when 35 is divided by (-14)/70 + 62/10?
5
Calculate the remainder when (-143)/(-429) + 586/6 is divided by 47.
4
Let r be (0 - -2)*(0 - -1). Suppose 0 = -4*g + r*u - 4*u - 118, 3*g - u + 91 = 0. What is the remainder when 53 is divided by ((-108)/g)/(1/5)?
17
Suppose -3*v = -5*p - 280, -3*p = 2 + 4. Let z = v - 64. What is the remainder when 102 is divided by z?
24
Let x(b) = b**2 + 52*b + 727. Calculate the remainder when 81 is divided by x(-25).
29
Suppose 8 = -4*c + 2*c, -3*l + 5*c = -89. Suppose 133 = 24*d - l*d. What is the remainder when d is divided by 15?
13
Let u(o) = -4*o + 39. What is the remainder when 40 is divided by u(6)?
10
Let q(v) = -v**3 + 9*v**2 + 9*v - 57. What is the remainder when q(5) is divided by 7?
4
Let y = 42 - 38. Suppose y*h - 234 = 14. What is the remainder when h is divided by 16?
14
Suppose -350 - 358 = -4*x. Suppose -a + 3*c + 41 = 0, -3*a - 42 + x = -3*c. What is the remainder when a is divided by 10?
7
Calculate the remainder when 3*-6*(52 - 61) is divided by 75.
12
Let j = 93 - 86. Calculate the remainder when 12 is divided by j.
5
Let l(c) = -c**3 + 15*c**2 - 2*c - 7. Let q be l(15). Let m = -26 - q. Let i(g) = 20*g - 1. What is the remainder when i(1) is divided by m?
8
Let h = -111 - -189. Suppose 8*d - h = 282. What is the remainder when 132 is divided by d?
42
Let q(m) be the first derivative of 9*m**2/2 + 3*m - 8. Calculate the remainder when 34 is divided by q(1).
10
Let h = 960 + -895. Calculate the remainder when 109 is divided by h.
44
Suppose -5*d = 0, -2*d = g - 3 - 74. Suppose -f = f - 108. Let a = g - f. What is the remainder when a is divided by 6?
5
Suppose -1 - 99 = -2*k. Let s(b) = 4*b**2 + b. Let y be s(-1). What is the remainder when 55 is divided by y + 3/(6/k)?
27
Let b = 8 + -10. Let z be b*(-3)/12*2. Suppose -a + 5*h = -1, 2*h + z = a - 0. What is the remainder when 3 is divided by a?
0
Suppose -23*h = -5*h - 126. What is the remainder when h is divided by 1?
0
Let m = 1727 + -1661. Calculate the remainder when m is divided by 12.
6
Let n(x) = 3*x - 5 - x - x**2 - 4*x**3 + 9 - 5. Let t be n(1). Let g(r) = -3*r - 4. Calculate the remainder when 21 is divided by g(t).
5
Let q(u) = u**3 - 2*u**2 + u - 2. Let w be q(2). Suppose -4*o - 11 + 47 = w. Suppose 0 = 3*i - 12. What is the remainder when o is divided by i?
1
Let r be (-16)/(-6)*(-9)/6. Let s = r + 8. Let o(p) = p**2 + 51*p + 238. Calculate the remainder when o(-5) is divided by s.
0
Let f(z) be the second derivative of 0 - 1/2*z**2 + 3/4*z**4 - 5*z + 0*z**3. Calculate the remainder when 22 is divided by f(-1).
6
Suppose -297 = -q + 309. Calculate the remainder when q is divided by 122.
118
Let r(a) = a**3 - 2*a**2 + 3*a - 1. Let c be r(2). Suppose c*t - 6 = 2*t. What is the remainder when 20 is divided by 11*((0 - t) + 3)?
9
Suppose 3*j + 14 - 47 = 0. Let p = 54 - 23. What is the remainder when p is divided by j?
9
Let x(s) = s**3 + 21*s**2 + s + 26. Let b be (-18)/15*35/2. Suppose 2*c + 2 = 0, 0 = 4*z - z + 3*c - 24. Calculate the remainder when z is divided by x(b).
4
Let z = -29 - -29. Suppose -5*b = -z*b + 5. What is the remainder when 24 is divided by (-16)/((-16)/4) - b?
4
Let j(g) = g**3 + 5*g**2 - 10*g + 4. What is the remainder when 117 is divided by j(-4)?
57
Let h be (-26)/4 - (-4)/8. Calculate the remainder when ((-445)/(-10) - -2)/(h/(-8)) is divided by 8.
6
Let g = 11 + -9. Let i be (-6)/g*(-148)/6. Suppose -4*h = -0*h - 3*q - i, -4*h - 5*q = -90. What is the remainder when h is divided by 7?
6
What is the remainder when 24648/(-364)*(15/(-9) - 3) is divided by 110?
96
Let p be (-498)/(-21) + (-6)/(-21). Let q = -17 + p. Suppose -3*s - 5*v + 108 = s, 0 = 4*s + v - 108. What is the remainder when s is divided by q?
6
Let f(n) = -3*n - 10. Let u(l) = -6*l + 7. What is the remainder when u(-5) is divided by f(-6)?
5
Suppose -2*v - 2*j + 24 = 0, -3*v + 3*j + 50 = -16. What is the remainder when 33 is divided by v?
16
Let m(c) = 22*c + 170. What is the remainder when 93 is divided by m(-7)?
13
Let h = -150 - -152. Let k(i